{"id":86,"date":"2019-12-27T11:43:00","date_gmt":"2019-12-27T11:43:00","guid":{"rendered":"https:\/\/wispy.000webhostapp.com\/?page_id=86"},"modified":"2021-12-06T11:41:25","modified_gmt":"2021-12-06T11:41:25","slug":"refund-policy","status":"publish","type":"page","link":"https:\/\/www.thewispy.com\/esp\/refund-policy\/","title":{"rendered":"Pol\u00edtica de reembolso"},"content":{"rendered":"<section class=\"container\">\n<article class=\"blog-single-content\">\n<h2 class=\"main-section-heading\">Pol\u00edtica de reembolso de TheWiSpy<\/h2>\n<p>Tenga en cuenta que todas las compras de TheWiSpy, el software esp\u00eda  para m\u00f3viles, permanecen sujetas a los t\u00e9rminos de la presente  pol\u00edtica de reembolso.<\/p>\n<p>Se recomienda a todos los usuarios leer muy cuidadosamente nuestros t\u00e9rminos de reembolso. Esta pol\u00edtica de reembolso de TheWiSpy explica el derecho del cliente. Ciertas reglas y restricciones aplican.<\/p>\n<h3>Condiciones comunes para las transacciones<\/h3>\n<p>Una vez que compre nuestra aplicaci\u00f3n, deber\u00e1 ponerse en contacto con nuestro servicio de atenci\u00f3n al cliente en caso de cualquier consulta o queja t\u00e9cnica. Nuestros representantes de atenci\u00f3n al cliente registrar\u00e1n y transferir\u00e1n sus quejas u observaciones al centro de asistencia. Tomamos medidas correctivas para abordar y resolver los problemas t\u00e9cnicos.<\/p>\n<p>Nuestro servicio de asistencia t\u00e9cnica est\u00e1 capacitado para resolver eficazmente la mayor\u00eda de las reclamaciones presentadas. Si la queja se resuelve, los usuarios no pueden reclamar un reembolso. En caso contrario, si no se logra resolver su problema t\u00e9cnico, el cliente  puede solicitar un reembolso.<\/p>\n<p>Nuestro equipo de soporte analiza y decide si la queja aplica o no para un reembolso.<\/p>\n<p>Usted puede ponerse en contacto con nuestro centro de asistencia en el siguiente (enlace).<\/p>\n<h4>Condiciones de reembolso<\/h4>\n<p>Todas las solicitudes de reembolso est\u00e1n sujetas a nuestra pol\u00edtica de reembolso. Por favor, l\u00e9ala detenidamente.<br \/>\nSi usted es elegible, el proceso de reembolso se lleva a cabo dentro de los 3 d\u00edas siguientes a  la fecha de la compra. No se aceptar\u00e1n ni se procesar\u00e1n los reembolsos que est\u00e9n fuera de los t\u00e9rminos de esta pol\u00edtica de reembolso.<\/p>\n<ul>\n<li>Falla del usuario, por no verificar  la compatibilidad del dispositivo objetivo con el software TheWiSpy. Por ejemplo, Symbian Belle &amp; Bada no son compatibles con la aplicaci\u00f3n TheWiSpy.<\/li>\n<li>Fallo en el acceso al software, por la p\u00e9rdida de la conexi\u00f3n a Internet o la interrupci\u00f3n de la conexi\u00f3n del proveedor de servicios de Internet del usuario.<\/li>\n<li>Error en el acceso al software por la actualizaci\u00f3n del sistema operativo o del reinicio del dispositivo objetivo.<\/li>\n<li>El propietario del dispositivo objetivo no da su consentimiento para instalar TheWiSpy.<\/li>\n<li>El usuario no es el propietario del dispositivo objetivo.<\/li>\n<li>Fallo, para acceder al dispositivo de destino f\u00edsicamente.<\/li>\n<li>Error, en el desbloqueo del dispositivo objetivo para instalar la aplicaci\u00f3n TheWiSpy.<\/li>\n<li>Alteraci\u00f3n en el acceso a TheWiSpy: debido a un cambio de ubicaci\u00f3n, itinerancia, inconsistencia o un cortafuego en la residencia del usuario<\/li>\n<li>Error en el acceso a TheWiSpy debido a un cambio en la conexi\u00f3n del proveedor de servicios de Internet del usuario.<\/li>\n<li>Alteraci\u00f3n en la conectividad, por  problemas de roaming.<\/li>\n<li>Conectividad fluctuante del dispositivo del usuario: por un cambio de operador de telefon\u00eda.<\/li>\n<li>Error para el acceso al software, por la falta de pago en la suscripci\u00f3n del operador o al saldo insuficiente en la cuenta de pago.<\/li>\n<li>El propietario del dispositivo objetivo no autoriza la instalaci\u00f3n del software TheWiSpy..<\/li>\n<li>El dispositivo de destino vuelve al estado de f\u00e1brica.<\/li>\n<li>Actualizaci\u00f3n del sistema operativo del dispositivo objetivo.<\/li>\n<li>Si el usuario no entiende las directrices de instalaci\u00f3n que se explican a fondo por nuestro personal del Centro de Apoyo en el sitio web.<\/li>\n<li>Error, al espiar los dispositivos antes de la instalaci\u00f3n de TheWiSpy.<\/li>\n<li>Conectividad defectuosa o interrumpida: por la instalaci\u00f3n de TheWiSpy en m\u00faltiples dispositivos inteligentes, con un plan de suscripci\u00f3n para un solo dispositivo.<\/li>\n<li>Terminar la suscripci\u00f3n a TheWiSpy motivado a razones personales, por ejemplo, &#8220;ya no lo quiero&#8221; o &#8220;he cambiado de opini\u00f3n&#8221;, etc.<\/li>\n<li>Cualquier da\u00f1o al software de TheWiSpy por un antivirus u otro software preinstalado en el  dispositivo objetivo.<\/li>\n<li>Error del usuario al conservar las credenciales de iCloud.<\/li>\n<li>Correo electr\u00f3nico incorrecto del usuario (Actualizaremos el correo electr\u00f3nico del usuario a petici\u00f3n de \u00e9ste,  despu\u00e9s de la verificaci\u00f3n).<\/li>\n<li>Error en la copia de seguridad de los archivos de iCloud.<\/li>\n<li>Conexi\u00f3n de WiFi ineficiente o fallo en la reconexi\u00f3n.<\/li>\n<li>Insuficiente espacio en el dispositivo de destino iOS o Android para las copias de seguridad.<\/li>\n<li>Activaci\u00f3n de la autenticaci\u00f3n de dos factores en el dispositivo de destino.<\/li>\n<li>Las funciones avanzadas de TheWiSpy, incluido el monitoreo de WhatsApp, Facebook, Skype, Viber, etc., no est\u00e1n disponibles para los dispositivos no rooteados.<\/li>\n<li>Prolongaci\u00f3n de la suscripci\u00f3n no reembolsable.<\/li>\n<\/ul>\n<h5>Procedimiento de reembolso:<\/h5>\n<p>Para solicitar un reembolso, el usuario deber\u00e1 enviar una solicitud de reembolso a nuestro Centro de Soporte en  (<strong>support [ @ ] thewispy.com<\/strong>). La verificaci\u00f3n de esta solicitud de reembolso toma siete d\u00edas.<\/p>\n<h6>Los efectos de la devoluci\u00f3n de cargos<\/h6>\n<p>Si la tarjeta de cr\u00e9dito del usuario experimenta alguna devoluci\u00f3n de cargo, nos reservamos el derecho de eliminar nuestros servicios inmediatamente. De igual modo, nos reservaremos el derecho de suspender la cuenta del usuario si \u00e9ste no liquida el pago debido. La activaci\u00f3n de la cuenta y el restablecimiento del servicio dependen \u00fanicamente de nuestro criterio.<\/p>\n<p>El usuario ser\u00e1 el responsable de pagar todos los gastos legales de producirse  un conflicto por el tema de la devoluci\u00f3n de cargos.<\/p>\n<\/article>\n<\/section>\n","protected":false},"excerpt":{"rendered":"<p>Pol\u00edtica de reembolso de TheWiSpy Tenga en cuenta que todas las compras de TheWiSpy, el software esp\u00eda para m\u00f3viles, permanecen sujetas a los t\u00e9rminos de la presente pol\u00edtica de reembolso. Se recomienda a todos los usuarios leer muy cuidadosamente nuestros t\u00e9rminos de reembolso. Esta pol\u00edtica de reembolso de TheWiSpy explica el derecho del cliente. Ciertas [&hellip;]<\/p>\n","protected":false},"author":1,"featured_media":0,"parent":0,"menu_order":0,"comment_status":"closed","ping_status":"closed","template":"","meta":{"footnotes":""},"yoast_head":"<!-- This site is optimized with the Yoast SEO plugin v20.8 - https:\/\/yoast.com\/wordpress\/plugins\/seo\/ -->\n<title>Pol\u00edtica de reembolso | Leer garant\u00eda de devoluci\u00f3n de dinero durante la compra | TheWiSpy<\/title>\n<meta name=\"description\" content=\"La Pol\u00edtica de reembolso de WiSpy explica las condiciones en las que un usuario puede reclamar el reembolso de la compra. L\u00e9alo detenidamente para obtener una visi\u00f3n clara de los t\u00e9rminos contractuales.\" \/>\n<meta name=\"robots\" content=\"index, follow, max-snippet:-1, max-image-preview:large, max-video-preview:-1\" \/>\n<link rel=\"canonical\" href=\"https:\/\/www.thewispy.com\/esp\/refund-policy\/\" \/>\n<meta property=\"og:locale\" content=\"en_US\" \/>\n<meta property=\"og:type\" content=\"article\" \/>\n<meta property=\"og:title\" content=\"Pol\u00edtica de reembolso | Leer garant\u00eda de devoluci\u00f3n de dinero durante la compra | TheWiSpy\" \/>\n<meta property=\"og:description\" content=\"La Pol\u00edtica de reembolso de WiSpy explica las condiciones en las que un usuario puede reclamar el reembolso de la compra. L\u00e9alo detenidamente para obtener una visi\u00f3n clara de los t\u00e9rminos contractuales.\" \/>\n<meta property=\"og:url\" content=\"https:\/\/www.thewispy.com\/esp\/refund-policy\/\" \/>\n<meta property=\"og:site_name\" content=\"TheWiSpy\" \/>\n<meta property=\"article:publisher\" content=\"https:\/\/www.facebook.com\/thewispyapp\/\" \/>\n<meta property=\"article:modified_time\" content=\"2021-12-06T11:41:25+00:00\" \/>\n<meta property=\"og:image\" content=\"https:\/\/www.thewispy.com\/esp\/wp-content\/uploads\/2020\/09\/TheWiSpy-spy-app-official-logo-768-320.png\" \/>\n\t<meta property=\"og:image:width\" content=\"768\" \/>\n\t<meta property=\"og:image:height\" content=\"320\" \/>\n\t<meta property=\"og:image:type\" content=\"image\/png\" \/>\n<meta name=\"twitter:card\" content=\"summary_large_image\" \/>\n<meta name=\"twitter:site\" content=\"@thewispyapp\" \/>\n<meta name=\"twitter:label1\" content=\"Est. reading time\" \/>\n\t<meta name=\"twitter:data1\" content=\"4 minutes\" \/>\n<script type=\"application\/ld+json\" class=\"yoast-schema-graph\">{\"@context\":\"https:\/\/schema.org\",\"@graph\":[{\"@type\":\"WebPage\",\"@id\":\"https:\/\/www.thewispy.com\/esp\/refund-policy\/\",\"url\":\"https:\/\/www.thewispy.com\/esp\/refund-policy\/\",\"name\":\"Pol\u00edtica de reembolso | Leer garant\u00eda de devoluci\u00f3n de dinero durante la compra | TheWiSpy\",\"isPartOf\":{\"@id\":\"https:\/\/www.thewispy.com\/esp\/#website\"},\"datePublished\":\"2019-12-27T11:43:00+00:00\",\"dateModified\":\"2021-12-06T11:41:25+00:00\",\"description\":\"La Pol\u00edtica de reembolso de WiSpy explica las condiciones en las que un usuario puede reclamar el reembolso de la compra. L\u00e9alo detenidamente para obtener una visi\u00f3n clara de los t\u00e9rminos contractuales.\",\"breadcrumb\":{\"@id\":\"https:\/\/www.thewispy.com\/esp\/refund-policy\/#breadcrumb\"},\"inLanguage\":\"en-US\",\"potentialAction\":[{\"@type\":\"ReadAction\",\"target\":[\"https:\/\/www.thewispy.com\/esp\/refund-policy\/\"]}]},{\"@type\":\"BreadcrumbList\",\"@id\":\"https:\/\/www.thewispy.com\/esp\/refund-policy\/#breadcrumb\",\"itemListElement\":[{\"@type\":\"ListItem\",\"position\":1,\"name\":\"Home\",\"item\":\"https:\/\/www.thewispy.com\/esp\/\"},{\"@type\":\"ListItem\",\"position\":2,\"name\":\"Pol\u00edtica de reembolso\"}]},{\"@type\":\"WebSite\",\"@id\":\"https:\/\/www.thewispy.com\/esp\/#website\",\"url\":\"https:\/\/www.thewispy.com\/esp\/\",\"name\":\"TheWiSpy\",\"description\":\"Aplicaci\u00f3n esp\u00eda para tel\u00e9fonos m\u00f3viles | Software de seguimiento y monitoreo m\u00f3vil\",\"publisher\":{\"@id\":\"https:\/\/www.thewispy.com\/esp\/#organization\"},\"potentialAction\":[{\"@type\":\"SearchAction\",\"target\":{\"@type\":\"EntryPoint\",\"urlTemplate\":\"https:\/\/www.thewispy.com\/esp\/?s={search_term_string}\"},\"query-input\":\"required name=search_term_string\"}],\"inLanguage\":\"en-US\"},{\"@type\":\"Organization\",\"@id\":\"https:\/\/www.thewispy.com\/esp\/#organization\",\"name\":\"TheWiSpy\",\"url\":\"https:\/\/www.thewispy.com\/esp\/\",\"logo\":{\"@type\":\"ImageObject\",\"inLanguage\":\"en-US\",\"@id\":\"https:\/\/www.thewispy.com\/esp\/#\/schema\/logo\/image\/\",\"url\":\"https:\/\/www.thewispy.com\/esp\/wp-content\/uploads\/2020\/09\/TheWiSpy-spy-app-official-logo-768-320.png\",\"contentUrl\":\"https:\/\/www.thewispy.com\/esp\/wp-content\/uploads\/2020\/09\/TheWiSpy-spy-app-official-logo-768-320.png\",\"width\":768,\"height\":320,\"caption\":\"TheWiSpy\"},\"image\":{\"@id\":\"https:\/\/www.thewispy.com\/esp\/#\/schema\/logo\/image\/\"},\"sameAs\":[\"https:\/\/www.facebook.com\/thewispyapp\/\",\"https:\/\/twitter.com\/thewispyapp\",\"https:\/\/www.instagram.com\/wispyapp\/\",\"https:\/\/www.linkedin.com\/company\/thewispy\/\",\"https:\/\/www.pinterest.com\/thewispyapp\/\",\"https:\/\/www.youtube.com\/channel\/UCpLV6oLY1Ot83LBcsKMa7Rg\"]}]}<\/script>\n<!-- \/ Yoast SEO plugin. -->","yoast_head_json":{"title":"Pol\u00edtica de reembolso | Leer garant\u00eda de devoluci\u00f3n de dinero durante la compra | TheWiSpy","description":"La Pol\u00edtica de reembolso de WiSpy explica las condiciones en las que un usuario puede reclamar el reembolso de la compra. L\u00e9alo detenidamente para obtener una visi\u00f3n clara de los t\u00e9rminos contractuales.","robots":{"index":"index","follow":"follow","max-snippet":"max-snippet:-1","max-image-preview":"max-image-preview:large","max-video-preview":"max-video-preview:-1"},"canonical":"https:\/\/www.thewispy.com\/esp\/refund-policy\/","og_locale":"en_US","og_type":"article","og_title":"Pol\u00edtica de reembolso | Leer garant\u00eda de devoluci\u00f3n de dinero durante la compra | TheWiSpy","og_description":"La Pol\u00edtica de reembolso de WiSpy explica las condiciones en las que un usuario puede reclamar el reembolso de la compra. L\u00e9alo detenidamente para obtener una visi\u00f3n clara de los t\u00e9rminos contractuales.","og_url":"https:\/\/www.thewispy.com\/esp\/refund-policy\/","og_site_name":"TheWiSpy","article_publisher":"https:\/\/www.facebook.com\/thewispyapp\/","article_modified_time":"2021-12-06T11:41:25+00:00","og_image":[{"width":768,"height":320,"url":"https:\/\/www.thewispy.com\/esp\/wp-content\/uploads\/2020\/09\/TheWiSpy-spy-app-official-logo-768-320.png","type":"image\/png"}],"twitter_card":"summary_large_image","twitter_site":"@thewispyapp","twitter_misc":{"Est. reading time":"4 minutes"},"schema":{"@context":"https:\/\/schema.org","@graph":[{"@type":"WebPage","@id":"https:\/\/www.thewispy.com\/esp\/refund-policy\/","url":"https:\/\/www.thewispy.com\/esp\/refund-policy\/","name":"Pol\u00edtica de reembolso | Leer garant\u00eda de devoluci\u00f3n de dinero durante la compra | TheWiSpy","isPartOf":{"@id":"https:\/\/www.thewispy.com\/esp\/#website"},"datePublished":"2019-12-27T11:43:00+00:00","dateModified":"2021-12-06T11:41:25+00:00","description":"La Pol\u00edtica de reembolso de WiSpy explica las condiciones en las que un usuario puede reclamar el reembolso de la compra. L\u00e9alo detenidamente para obtener una visi\u00f3n clara de los t\u00e9rminos contractuales.","breadcrumb":{"@id":"https:\/\/www.thewispy.com\/esp\/refund-policy\/#breadcrumb"},"inLanguage":"en-US","potentialAction":[{"@type":"ReadAction","target":["https:\/\/www.thewispy.com\/esp\/refund-policy\/"]}]},{"@type":"BreadcrumbList","@id":"https:\/\/www.thewispy.com\/esp\/refund-policy\/#breadcrumb","itemListElement":[{"@type":"ListItem","position":1,"name":"Home","item":"https:\/\/www.thewispy.com\/esp\/"},{"@type":"ListItem","position":2,"name":"Pol\u00edtica de reembolso"}]},{"@type":"WebSite","@id":"https:\/\/www.thewispy.com\/esp\/#website","url":"https:\/\/www.thewispy.com\/esp\/","name":"TheWiSpy","description":"Aplicaci\u00f3n esp\u00eda para tel\u00e9fonos m\u00f3viles | Software de seguimiento y monitoreo m\u00f3vil","publisher":{"@id":"https:\/\/www.thewispy.com\/esp\/#organization"},"potentialAction":[{"@type":"SearchAction","target":{"@type":"EntryPoint","urlTemplate":"https:\/\/www.thewispy.com\/esp\/?s={search_term_string}"},"query-input":"required name=search_term_string"}],"inLanguage":"en-US"},{"@type":"Organization","@id":"https:\/\/www.thewispy.com\/esp\/#organization","name":"TheWiSpy","url":"https:\/\/www.thewispy.com\/esp\/","logo":{"@type":"ImageObject","inLanguage":"en-US","@id":"https:\/\/www.thewispy.com\/esp\/#\/schema\/logo\/image\/","url":"https:\/\/www.thewispy.com\/esp\/wp-content\/uploads\/2020\/09\/TheWiSpy-spy-app-official-logo-768-320.png","contentUrl":"https:\/\/www.thewispy.com\/esp\/wp-content\/uploads\/2020\/09\/TheWiSpy-spy-app-official-logo-768-320.png","width":768,"height":320,"caption":"TheWiSpy"},"image":{"@id":"https:\/\/www.thewispy.com\/esp\/#\/schema\/logo\/image\/"},"sameAs":["https:\/\/www.facebook.com\/thewispyapp\/","https:\/\/twitter.com\/thewispyapp","https:\/\/www.instagram.com\/wispyapp\/","https:\/\/www.linkedin.com\/company\/thewispy\/","https:\/\/www.pinterest.com\/thewispyapp\/","https:\/\/www.youtube.com\/channel\/UCpLV6oLY1Ot83LBcsKMa7Rg"]}]}},"_links":{"self":[{"href":"https:\/\/www.thewispy.com\/esp\/wp-json\/wp\/v2\/pages\/86"}],"collection":[{"href":"https:\/\/www.thewispy.com\/esp\/wp-json\/wp\/v2\/pages"}],"about":[{"href":"https:\/\/www.thewispy.com\/esp\/wp-json\/wp\/v2\/types\/page"}],"author":[{"embeddable":true,"href":"https:\/\/www.thewispy.com\/esp\/wp-json\/wp\/v2\/users\/1"}],"replies":[{"embeddable":true,"href":"https:\/\/www.thewispy.com\/esp\/wp-json\/wp\/v2\/comments?post=86"}],"version-history":[{"count":2,"href":"https:\/\/www.thewispy.com\/esp\/wp-json\/wp\/v2\/pages\/86\/revisions"}],"predecessor-version":[{"id":6414,"href":"https:\/\/www.thewispy.com\/esp\/wp-json\/wp\/v2\/pages\/86\/revisions\/6414"}],"wp:attachment":[{"href":"https:\/\/www.thewispy.com\/esp\/wp-json\/wp\/v2\/media?parent=86"}],"curies":[{"name":"wp","href":"https:\/\/api.w.org\/{rel}","templated":true}]}}